.
-2
Let r(n) = n**2 + 24*n - 1. Let y be r(-24). Let i(z) = 7*z + 1. Calculate i(y).
-6
Let m(d) = d**2 - 7*d + 6. Suppose -3*x = 4*s + 4 - 38, 0 = x - 4*s + 10. Give m(x).
0
Let i(h) = -3*h**2 - h + 3. Let p(c) = c**2 - c - 1. Let x be -3 - (-4)/(-1 - -2). Let s(w) = x*i(w) + 4*p(w). Give s(4).
-5
Let b be -2*(-3)/(-6) - -2. Let m(a) = 2*a - 4. Let t be m(4). Let k = b - t. Let g(q) = q**3 + 4*q**2 + q + 1. Calculate g(k).
7
Let t be 4 + (-2)/(-4)*-4. Let d be (t - (-7)/2)*10. Let k be (-285)/d - (-2)/11. Let a(b) = b**2 + 6*b + 1. Calculate a(k).
-4
Let x = -3 - -6. Let s(q) = -q**x - q - q + 4 + q + 4*q**2. Suppose 4*u - 25 = -9. Determine s(u).
0
Suppose -3*x - 7 = -x - 5*l, 0 = 2*l - 6. Let y(v) = -2*v**2 + 7*v - 6. Give y(x).
-10
Let v(f) = f - 8. Let d = 0 + 6. Give v(d).
-2
Let k(a) = a - 1. Suppose -6 = 4*u - 38. Let c = -2 + u. Determine k(c).
5
Let s = 11 + -8. Let y(p) = -2*p**2 + s*p**2 + 3*p + 3 - 1. Calculate y(-4).
6
Suppose 3*t = -2*l - l - 12, 1 = -l - 4*t. Let c(a) = -7 + 3*a - 2*a + 0*a. Determine c(l).
-12
Let k(g) be the first derivative of -g**4/4 + 4*g**3/3 + g**2 - 3*g - 1. What is k(4)?
5
Let v be 31/11 - (-5)/(55/2). Let k(n) = -3*n + 0 - 5*n**2 + 4 + 6*n + n**3. Determine k(v).
-5
Let l(s) = s**3 + 2*s**2 - 2*s + 4. Let a be (-4 + -1 + -1)/2. Give l(a).
1
Let d be 2 + (-1 - (-3 - -4)). Let w(i) = -2*i - 7. What is w(d)?
-7
Let t be 3 - (2/1 - 1). Suppose l + 10 = i - t*i, -l + i = 0. Let q(c) be the first derivative of -c**4/4 - 4*c**3/3 + 3*c**2 + 6*c + 1. What is q(l)?
1
Let c(x) = 3*x**2 + 7 - x**3 + 4*x**2 - 3*x + 1. Let w(h) = -h**2 - 1. Let g(k) = c(k) + 5*w(k). What is g(2)?
-3
Let s = -4 - -3. Let h(f) be the second derivative of -5*f**3/6 - 7*f**2/2 + 3*f. Let d(v) = 3*v + 3. Let b(k) = 7*d(k) + 3*h(k). Give b(s).
-6
Let v(y) be the third derivative of -y**4/12 + y**3/3 + 7*y**2. Determine v(5).
-8
Let j(i) = -2*i + 14. Let z be j(6). Suppose z*l = -l + 18. Let f(s) = -s**3 + 7*s**2 - 6*s + 1. Give f(l).
1
Let l(i) = 8 - 7*i - i**2 - 23 + 13. Give l(-6).
4
Let b(u) = u - 1. Let a(s) = -8*s + 3. Let o(w) = -a(w) - 6*b(w). Determine o(4).
11
Let f(o) be the first derivative of -11*o**4/4 + o**2/2 + 9. What is f(1)?
-10
Let u(w) be the second derivative of -w**5/20 + w**4/3 + 5*w**3/6 + 2*w**2 - 11*w. Calculate u(5).
4
Suppose 5*f - 12 = 3*f - 2*m, -4*f = m - 21. Let o(z) = -6 - f + 2*z**2 - z**2 + 3*z - 2*z. Suppose -6*d + 2*d = 0. Calculate o(d).
-11
Let s = 6 + -10. Let p(c) = -20*c - 14. Let k(m) = -5 + 4*m - 5*m - 3*m - 3*m. Let y(l) = s*p(l) + 11*k(l). Give y(1).
4
Let x be (12/9)/((-2)/(-6)). Let n(k) = k + 1. Calculate n(x).
5
Let n(x) = 3*x + 13*x - 17*x. Calculate n(6).
-6
Let p(q) be the second derivative of 0 - 1/20*q**5 + 1/3*q**4 + q**3 + 0*q**2 - q. What is p(5)?
5
Let z(r) = -2*r - 1. Let q = 38 + -66. Let o be (-1)/(3 - q/(-8)). Give z(o).
-5
Let s(m) be the first derivative of m**2/2 + 2. What is s(4)?
4
Let w(k) = k**3 + k**2 - 12. Let g(a) = -a**3 + 6*a**2 - a + 6. Let m be g(6). Give w(m).
-12
Let p(c) = 7*c**2 + 1 + 3*c**3 - 5*c**2 + c - 3*c. Give p(1).
4
Suppose 3*u = 2*u. Suppose 3 = y - 0. Suppose -2*r = -f + y, 3*f + f - 12 = u. Let x(q) = -q**3 - q**2 + 4. Determine x(r).
4
Let p(h) = -h**3 + 4*h**2 + 5*h - 1. Let c = 0 - -4. Suppose c = 2*q - q. Suppose q*z + j = 2*j + 22, -j - 2 = 0. Determine p(z).
-1
Let u(a) = -a**3 - 11*a**2 - 9*a + 11. Let p be u(-10). Let b(h) = -3*h**2 + 11*h**3 + h + 0*h**2 + h**2. Calculate b(p).
10
Let r be (-5)/4*(0 + 4). Let d(w) = w - 1. Give d(r).
-6
Let d = 7 + 7. Suppose -3*p - 5 = -d. Let o(k) = -k**3 + 2*k**2 + 4*k - 2. Calculate o(p).
1
Let v(b) be the first derivative of 3 - 3/2*b**2 + b. Give v(3).
-8
Let z(i) = -i**3 - 5*i**2 - 5*i - 4. Let r be z(-4). Let w be r/(2 + -2 - 2). Let b(y) = w*y + 2*y - y - 7. Give b(5).
-2
Let q(v) = -4 + 3*v + 4. Let l = 5 - 14. Let s = l - -11. Calculate q(s).
6
Suppose 0 = -3*z + 1 + 5. Let i(b) = 6*b + b**3 - 3 + 0*b**z - 3*b**2 - 4*b. Give i(2).
-3
Let p(j) be the third derivative of -j**6/60 + j**5/30 + j**4/12 - j**3/3 - 14*j**2. Let z = 4 - 2. Give p(z).
-6
Let t = 5 - 2. Suppose 8 = n + t. Let z(i) = 2*i - 3. Calculate z(n).
7
Let a(p) = 5*p + 2. Let k be a(-2). Let v(r) = r + 8. What is v(k)?
0
Let p be (-6)/(-6)*(-7)/(-1). Let l(w) = -w**2 + 7*w - 2. Determine l(p).
-2
Let f(s) = 2*s + 19. Let j be f(-7). Let i(z) be the first derivative of -z**2/2 + 4*z + 1. Determine i(j).
-1
Let u = -4 + 4. Let h = u + 1. Let w = -2 + h. Let q(s) = 3*s**2 + s. Determine q(w).
2
Let s(g) = 3*g**2 + 3*g + 11. Let v(i) = -i + 2. Let o be v(6). Let l(f) = f**2 + f + 4. Let m(r) = o*s(r) + 11*l(r). Let b = 0 + 0. Give m(b).
0
Let n(o) = -o**3 - 5*o**2 + 8*o - 2. Let h(r) = -r**2 + 2*r - 1. Let s(q) = -3*h(q) + n(q). What is s(-2)?
-3
Let v(a) be the first derivative of a**5/60 + a**4/8 - 2*a**3/3 + a**2/2 - 2. Let t(w) be the second derivative of v(w). Calculate t(-4).
0
Let z(a) = a + 6. Suppose 0 = 5*f - 0*f + 70. Let k be ((-7)/f)/((-1)/8). Determine z(k).
2
Let f(a) be the second derivative of 0*a**2 + 1/12*a**4 - 1/60*a**5 - a - 1/3*a**3 + 0. Let u(v) be the second derivative of f(v). What is u(2)?
-2
Let m = -4 - -2. Let g(r) be the first derivative of -r**4/4 - r**2/2 + r + 2. Let p(l) = 7*l**3 + 6*l - 4. Let x(u) = -6*g(u) - p(u). What is x(m)?
6
Let s(c) be the first derivative of -1/2*c**2 - 2 + 3*c. Determine s(-6).
9
Let n(c) be the third derivative of c**6/120 - c**5/20 - c**4/6 - c**3/2 + 7*c**2. What is n(-2)?
-15
Let d(r) be the second derivative of r**5/20 - r**4/4 - 2*r**3/3 + 5*r**2/2 + 20*r. What is d(4)?
5
Let h = 4 - 4. Suppose 0 = -5*z - h*z. Suppose 0 = -p - z*p - 3*x - 2, p = -5*x. Let s(d) = -2*d - 2. What is s(p)?
8
Let i(a) be the third derivative of 0*a + 0 - 1/24*a**4 + a**2 - 1/6*a**3. Let l = 4 - 0. Calculate i(l).
-5
Suppose -3 = -2*m + 1. Let s(k) = 2 - 4*k + 0 + m - k**2 - k. Let d = -6 + 2. Calculate s(d).
8
Let h(z) = -4*z - 3. Let n(g) = 7*g + 5. Let m(t) = 5*h(t) + 3*n(t). Suppose 4 = -4*s - 8. Determine m(s).
-3
Let m(d) = d + 3. Let v(l) = -l**2 - 13*l + 46. Let b be v(-16). What is m(b)?
1
Let h = 7 - 4. Let g(s) = -3*s - 2. Determine g(h).
-11
Let c(g) be the first derivative of -g**4/4 - 2*g**3/3 + g**2 + 3*g + 3. Suppose -t + 6 = -3*t. What is c(t)?
6
Let c(l) = -3*l**2 - l + 4. Let v(f) = 2*f**2 - 3. Let i(y) = -3*c(y) - 4*v(y). What is i(-4)?
4
Suppose -2*p + 21 - 21 = 0. Let g(t) = t + 1. Calculate g(p).
1
Let s be 1/(-2)*1*-2. Let d(w) be the second derivative of 2*w**5/5 - w**4/12 - 13*w. Give d(s).
7
Let p(j) = -5*j + 2. Let t(y) = 6*y - 2. Let k(z) = 5*p(z) + 4*t(z). Give k(8).
-6
Let j(d) = -6*d**3 + 9*d**2 + 2*d + 1. Let g(u) = -5*u**3 + 8*u**2 + u + 2. Let k(x) = -5*g(x) + 4*j(x). Let i be (4/2)/(4/8). Calculate k(i).
6
Let c(k) = 5*k - 2*k**2 - 4 + k**2 + 7. Let r(q) = -q + 3. Let n be r(0). Suppose -5*o - 3*d + 2 = -4*o, -n = 3*d. Calculate c(o).
3
Let u(b) = 5*b. Suppose 0 = 5*m - 0*m - k - 54, 2*k = 3*m - 38. Let j = m - 8. What is u(j)?
10
Let m = -118 - -109. Let s(q) = -q + 2. Determine s(m).
11
Let u(w) = -4*w + 5. Suppose 21*y - 26*y = -10. Let f(l) = l - 2. Let z(r) = 3*r - 6. Let h(q) = 7*f(q) - 2*z(q). Let g(m) = y*u(m) + 7*h(m). Determine g(0).
-4
Suppose 4*x - 9 = x. Let t(b) be the third derivative of 1/20*b**5 + 0*b - 1/6*b**x - 1/4*b**4 - 2*b**2 + 0 + 1/120*b**6. Determine t(-4).
7
Suppose 0*h - 4*h = 0. Suppose -5*j = f - 0*f - 22, 2*j + 5*f = -5. Let c = j - h. Let g(x) = 2*x - 2. What is g(c)?
8
Let p(b) = -3*b**2 - 13*b + 9. Let g(o) = -2*o**2 - 9*o + 6. Let k(c) = -8*g(c) + 5*p(c). Calculate k(-6).
-9
Let o(h) = 123 - 253 + 129 - h**2. Let n(w) = w + 1. Let f be n(-1). Calculate o(f).
-1
Let a(m) be the first derivative of m**3/3 + 2*m**2 + 6*m - 40. Determine a(-4).
6
Let t = -26 - -29. Let c(h) = -17*h + 1 - 4 - h**t + 6*h**2 + 14*h. Determine c(3).
15
Let o(y) be the third derivative of -y**4/24 + 5*y**3/6 + 11*y**2. Let z = -5 + 5. Suppose 0*p - p = z. What is o(p)?
5
Suppose -4*d - 32 = 4*d. Let g(j) be the first derivative of j**3/3 + 2*j**2 + 4*j + 1. Calculate g(d).
4
Let r(t) = -t**3 + 3*t**2 + 5*t - 5. Suppose -4*b = -5*d + 12, -5 = -2*d - 2*b + 7. Calculate r(d).
-1
Let x(z) = 11 + 9*z - 10 - 2*z**2 + 3*z**2. Give x(-9).
1
Let l